{"id":9,"date":"2014-03-03T02:17:07","date_gmt":"2014-03-03T02:17:07","guid":{"rendered":"https:\/\/wiprocci.com\/vietnam\/?page_id=9"},"modified":"2024-01-02T11:42:51","modified_gmt":"2024-01-02T11:42:51","slug":"careers","status":"publish","type":"page","link":"https:\/\/wiprocci.com\/vietnam\/careers\/","title":{"rendered":"Ngh\u1ec1 nghi\u1ec7p"},"content":{"rendered":"\r\n<div class=\"career-wrapper\">\r\n<div class=\"content-wrapper\">\r\n<h1>Ngh\u1ec1 nghi\u1ec7p<\/h1>\r\n<p><span style=\"font-weight: 400;\">Wipro Consumer Care Vi\u1ec7t Nam \u0111ang t\u00ecm ki\u1ebfm v\u00e0 x\u00e2y d\u1ef1ng m\u1ed9t \u0111\u1ed9i ng\u0169 nh\u00e2n t\u00e0i n\u0103ng \u0111\u1ed9ng v\u00e0 \u0111\u1ea7y nhi\u1ec7t huy\u1ebft, c\u00f3 kh\u1ea3 n\u0103ng l\u00e0m vi\u1ec7c \u0111\u1ed9c l\u1eadp v\u00e0 h\u1ee3p t\u00e1c l\u00e0m vi\u1ec7c nh\u00f3m.<\/span><\/p>\r\n<br \/>\r\n<p><span style=\"font-weight: 400;\">Ch\u00fang t\u00f4i ch\u00fa tr\u1ecdng v\u00e0o s\u1ef1 g\u1eafn k\u1ebft v\u00e0 h\u1ee3p t\u00e1c gi\u1eefa c\u00e1c b\u1ed9 ph\u1eadn \u0111\u1ec3 \u0111\u1ea1t \u0111\u01b0\u1ee3c m\u1ee5c ti\u00eau chung, t\u1ea1o ra gi\u00e1 tr\u1ecb l\u1ee3i \u00edch cho c\u1ea3 nh\u00e2n vi\u00ean v\u00e0 c\u00f4ng ty.<\/span><\/p>\r\n<br \/>\r\n<p><span style=\"font-weight: 400;\">\u1ee8ng vi\u00ean l\u00fd t\u01b0\u1edfng l\u00e0 nh\u1eefng ng\u01b0\u1eddi c\u00f3 chuy\u00ean m\u00f4n cao, k\u1ef9 n\u0103ng m\u1ec1m v\u01b0\u1ee3t tr\u1ed9i, tinh th\u1ea7n c\u1ea7u ti\u1ebfn, s\u1eb5n l\u00f2ng h\u1ee3p t\u00e1c m\u1ed9t c\u00e1ch ch\u00e2n th\u00e0nh v\u1edbi \u0111\u1ed3ng nghi\u1ec7p v\u00e0 kh\u00e1ch h\u00e0ng, c\u00f9ng v\u1edbi th\u00e1i \u0111\u1ed9 l\u00e0m vi\u1ec7c minh b\u1ea1ch v\u00e0 s\u1ef1 tinh t\u1ebf trong \u1ee9ng x\u1eed.<\/span><\/p>\r\n<br \/>\r\n<p><span style=\"font-weight: 400;\">Ch\u00fang t\u00f4i lu\u00f4n mang \u0111\u1ebfn c\u01a1 h\u1ed9i ngh\u1ec1 nghi\u1ec7p \u0111a d\u1ea1ng t\u1eeb c\u00e1c v\u1ecb tr\u00ed ch\u1ee9c n\u0103ng chuy\u00ean m\u00f4n \u0111\u1ebfn c\u00e1c v\u1ecb tr\u00ed qu\u1ea3n l\u00fd c\u1ea5p cao.<\/span><\/p>\r\n<br \/>\r\n<p><img decoding=\"async\" style=\"float: left; height: 23px; width: 29px;\" src=\"https:\/\/wiprocci.com\/vietnam-en\/wp-content\/uploads\/2023\/08\/ml.png\" alt=\"\" \/><span style=\"font-weight: 400;\">Vui l\u00f2ng g\u1eedi h\u1ed3 s\u01a1 cho ch\u00fang t\u00f4i qua email: <\/span><a href=\"mailto:recruitment.vietnam@wipro.com\">recruitment.vietnam@wipro.com<\/a><\/p>\r\n<br \/>\r\n<p><span style=\"font-weight: 400;\">H\u00e3y c\u00f9ng ch\u00fang t\u00f4i x\u00e2y d\u1ef1ng t\u01b0\u01a1ng lai th\u00e0nh c\u00f4ng!<\/span><\/p>\r\n<\/div>\r\n<\/div>\r\n","protected":false},"excerpt":{"rendered":"<p>Ngh\u1ec1 nghi\u1ec7p Wipro Consumer Care Vi\u1ec7t Nam \u0111ang t\u00ecm ki\u1ebfm v\u00e0 x\u00e2y d\u1ef1ng m\u1ed9t \u0111\u1ed9i ng\u0169 nh\u00e2n t\u00e0i n\u0103ng \u0111\u1ed9ng v\u00e0 \u0111\u1ea7y nhi\u1ec7t huy\u1ebft, c\u00f3 kh\u1ea3 n\u0103ng l\u00e0m vi\u1ec7c \u0111\u1ed9c l\u1eadp v\u00e0 h\u1ee3p t\u00e1c l\u00e0m vi\u1ec7c nh\u00f3m. Ch\u00fang t\u00f4i ch\u00fa tr\u1ecdng v\u00e0o s\u1ef1 g\u1eafn k\u1ebft v\u00e0 h\u1ee3p t\u00e1c gi\u1eefa c\u00e1c b\u1ed9 ph\u1eadn \u0111\u1ec3 \u0111\u1ea1t \u0111\u01b0\u1ee3c [&hellip;]<\/p>\n","protected":false},"author":2,"featured_media":2853,"parent":0,"menu_order":0,"comment_status":"closed","ping_status":"closed","template":"","meta":[],"acf":[],"_links":{"self":[{"href":"https:\/\/wiprocci.com\/vietnam\/wp-json\/wp\/v2\/pages\/9"}],"collection":[{"href":"https:\/\/wiprocci.com\/vietnam\/wp-json\/wp\/v2\/pages"}],"about":[{"href":"https:\/\/wiprocci.com\/vietnam\/wp-json\/wp\/v2\/types\/page"}],"author":[{"embeddable":true,"href":"https:\/\/wiprocci.com\/vietnam\/wp-json\/wp\/v2\/users\/2"}],"replies":[{"embeddable":true,"href":"https:\/\/wiprocci.com\/vietnam\/wp-json\/wp\/v2\/comments?post=9"}],"version-history":[{"count":49,"href":"https:\/\/wiprocci.com\/vietnam\/wp-json\/wp\/v2\/pages\/9\/revisions"}],"predecessor-version":[{"id":3129,"href":"https:\/\/wiprocci.com\/vietnam\/wp-json\/wp\/v2\/pages\/9\/revisions\/3129"}],"wp:featuredmedia":[{"embeddable":true,"href":"https:\/\/wiprocci.com\/vietnam\/wp-json\/wp\/v2\/media\/2853"}],"wp:attachment":[{"href":"https:\/\/wiprocci.com\/vietnam\/wp-json\/wp\/v2\/media?parent=9"}],"curies":[{"name":"wp","href":"https:\/\/api.w.org\/{rel}","templated":true}]}}