{"id":21,"date":"2014-03-03T02:19:36","date_gmt":"2014-03-03T02:19:36","guid":{"rendered":"https:\/\/wiprocci.com\/vietnam\/?page_id=21"},"modified":"2024-01-03T09:42:44","modified_gmt":"2024-01-03T09:42:44","slug":"nghien-cuu-phat-trien-san-pham","status":"publish","type":"page","link":"https:\/\/wiprocci.com\/vietnam\/about-us\/nghien-cuu-phat-trien-san-pham\/","title":{"rendered":"Nghi\u00ean c\u1ee9u &#038; Ph\u00e1t tri\u1ec3n s\u1ea3n ph\u1ea9m"},"content":{"rendered":"\r\n<figure class=\"wp-block-video\"><video src=\"https:\/\/wiprocci.com\/vietnam\/wp-content\/uploads\/2023\/12\/research-innovation-video_1703134699590-1.mp4\" autoplay=\"autoplay\" loop=\"loop\" muted=\"\" width=\"100%\" height=\"100%\"><\/video><\/figure>\r\n\r\n\r\n\r\n<div class=\"content-wrapper\">\r\n<p>Trung t\u00e2m Nghi\u00ean c\u1ee9u &amp; Ph\u00e1t tri\u1ec3n S\u1ea3n ph\u1ea9m c\u1ee7a Wipro Consumer Care t\u1ea1i Vi\u1ec7t Nam l\u00e0 m\u1ed9t trung t\u00e2m \u0111a ng\u00e0nh chuy\u00ean s\u00e2u, n\u01a1i ch\u00fang t\u00f4i \u0111\u1eb7t m\u1ee5c ti\u00eau t\u1ea1o ra nh\u1eefng s\u1ea3n ph\u1ea9m \u0111\u1ed9t ph\u00e1 v\u00e0 \u0111\u00e1p \u1ee9ng nhanh ch\u00f3ng v\u1edbi nhu c\u1ea7u ng\u00e0y c\u00e0ng \u0111a d\u1ea1ng c\u1ee7a th\u1ecb tr\u01b0\u1eddng to\u00e0n c\u1ea7u.<\/p>\r\n<h1>C\u01a1 s\u1edf v\u1eadt ch\u1ea5t<\/h1>\r\n<p>Trung t\u00e2m Nghi\u00ean c\u1ee9u &amp; Ph\u00e1t tri\u1ec3n c\u1ee7a ch\u00fang t\u00f4i \u0111\u01b0\u1ee3c trang b\u1ecb c\u00e1c ph\u00f2ng th\u00ed nghi\u1ec7m hi\u1ec7n \u0111\u1ea1i, k\u1ef9 thu\u1eadt s\u1ed1 v\u00e0 c\u00e1c thi\u1ebft b\u1ecb ti\u00ean ti\u1ebfn \u0111\u1ec3 h\u1ed7 tr\u1ee3 qu\u00e1 tr\u00ecnh nghi\u00ean c\u1ee9u v\u00e0 ph\u00e1t tri\u1ec3n s\u1ea3n ph\u1ea9m.<\/p>\r\n<p>\u0110\u1ed9i ng\u0169 chuy\u00ean gia c\u00f3 kinh nghi\u1ec7m c\u1ee7a ch\u00fang t\u00f4i s\u1eed d\u1ee5ng c\u00f4ng ngh\u1ec7 ti\u00ean ti\u1ebfn \u0111\u1ec3 \u0111\u1ea3m b\u1ea3o r\u1eb1ng ch\u00fang t\u00f4i \u0111ang lu\u00f4n \u0111i \u0111\u1ea7u trong l\u0129nh v\u1ef1c nghi\u00ean c\u1ee9u v\u00e0 s\u00e1ng t\u1ea1o.<\/p>\r\n<h1>L\u0129nh v\u1ef1c nghi\u00ean c\u1ee9u<\/h1>\r\n<p>Ch\u00fang t\u00f4i chuy\u00ean s\u00e2u v\u00e0o c\u00e1c l\u0129nh v\u1ef1c c\u00f4ng ngh\u1ec7 ch\u0103m s\u00f3c c\u00e1 nh\u00e2n, d\u01b0\u1ee3c m\u1ef9 ph\u1ea9m v\u00e0 c\u00e1c s\u1ea3n ph\u1ea9m ch\u0103m s\u00f3c gia \u0111\u00ecnh.<\/p>\r\n<p>\u0110\u1ed9i ng\u0169 nghi\u00ean c\u1ee9u c\u1ee7a ch\u00fang t\u00f4i kh\u00f4ng ng\u1eebng t\u00ecm ki\u1ebfm c\u00e1c gi\u1ea3i ph\u00e1p ti\u00ean ti\u1ebfn, t\u1eeb th\u00e0nh ph\u1ea7n t\u1ef1 nhi\u00ean \u0111\u1ebfn c\u00f4ng ngh\u1ec7 m\u1edbi, \u0111\u1ec3 t\u1ea1o ra c\u00e1c s\u1ea3n ph\u1ea9m ch\u1ea5t l\u01b0\u1ee3ng v\u00e0 th\u00e2n thi\u1ec7n v\u1edbi m\u00f4i tr\u01b0\u1eddng.<\/p>\r\n<h1>Cam k\u1ebft b\u1ec1n v\u1eefng<\/h1>\r\n<p>Ch\u00fang t\u00f4i kh\u00f4ng ch\u1ec9 h\u01b0\u1edbng \u0111\u1ebfn vi\u1ec7c t\u1ea1o ra s\u1ea3n ph\u1ea9m ch\u1ea5t l\u01b0\u1ee3ng cao m\u00e0 c\u00f2n ch\u00fa tr\u1ecdng \u0111\u1ebfn s\u1ef1 ph\u00e1t tri\u1ec1n b\u1ec1n v\u1eefng.<\/p>\r\n<p>T\u1ea1i Trung t\u00e2m Nghi\u00ean c\u1ee9u &amp; Ph\u00e1t tri\u1ec3n, ch\u00fang t\u00f4i cam k\u1ebft \u0111\u1ea3m b\u1ea3o r\u1eb1ng m\u1ecdi s\u1ea3n ph\u1ea9m c\u1ee7a ch\u00fang t\u00f4i kh\u00f4ng ch\u1ec9 \u0111\u00e1p \u1ee9ng nhu c\u1ea7u hi\u1ec7n t\u1ea1i m\u00e0 c\u00f2n h\u1ed7 tr\u1ee3 cho s\u1ef1 ph\u00e1t tri\u1ec3n b\u1ec1n v\u1eefng trong t\u01b0\u01a1ng lai.<\/p>\r\n<ul class=\"box-flex box-flex1\">\r\n<li>Kh\u00f4ng t\u1ea1o \u0111au v\u00e0 kh\u00f4ng th\u1eed nghi\u1ec7m tr\u00ean \u0111\u1ed9ng v\u1eadt<\/li>\r\n<li>Trung t\u00e2m Nghi\u00ean c\u1ee9u &amp; \u0110\u1ed5i m\u1edbi To\u00e0n c\u1ea7u<\/li>\r\n<li>C\u01a1 s\u1edf Nghi\u00ean c\u1ee9u &amp; Ph\u00e1t tri\u1ec3n Halal ti\u00ean ti\u1ebfn<\/li>\r\n<\/ul>\r\n<\/div>\r\n","protected":false},"excerpt":{"rendered":"<p>Trung t\u00e2m Nghi\u00ean c\u1ee9u &amp; Ph\u00e1t tri\u1ec3n S\u1ea3n ph\u1ea9m c\u1ee7a Wipro Consumer Care t\u1ea1i Vi\u1ec7t Nam l\u00e0 m\u1ed9t trung t\u00e2m \u0111a ng\u00e0nh chuy\u00ean s\u00e2u, n\u01a1i ch\u00fang t\u00f4i \u0111\u1eb7t m\u1ee5c ti\u00eau t\u1ea1o ra nh\u1eefng s\u1ea3n ph\u1ea9m \u0111\u1ed9t ph\u00e1 v\u00e0 \u0111\u00e1p \u1ee9ng nhanh ch\u00f3ng v\u1edbi nhu c\u1ea7u ng\u00e0y c\u00e0ng \u0111a d\u1ea1ng c\u1ee7a th\u1ecb tr\u01b0\u1eddng to\u00e0n c\u1ea7u. C\u01a1 [&hellip;]<\/p>\n","protected":false},"author":2,"featured_media":0,"parent":15,"menu_order":0,"comment_status":"closed","ping_status":"closed","template":"","meta":[],"acf":[],"_links":{"self":[{"href":"https:\/\/wiprocci.com\/vietnam\/wp-json\/wp\/v2\/pages\/21"}],"collection":[{"href":"https:\/\/wiprocci.com\/vietnam\/wp-json\/wp\/v2\/pages"}],"about":[{"href":"https:\/\/wiprocci.com\/vietnam\/wp-json\/wp\/v2\/types\/page"}],"author":[{"embeddable":true,"href":"https:\/\/wiprocci.com\/vietnam\/wp-json\/wp\/v2\/users\/2"}],"replies":[{"embeddable":true,"href":"https:\/\/wiprocci.com\/vietnam\/wp-json\/wp\/v2\/comments?post=21"}],"version-history":[{"count":38,"href":"https:\/\/wiprocci.com\/vietnam\/wp-json\/wp\/v2\/pages\/21\/revisions"}],"predecessor-version":[{"id":3131,"href":"https:\/\/wiprocci.com\/vietnam\/wp-json\/wp\/v2\/pages\/21\/revisions\/3131"}],"up":[{"embeddable":true,"href":"https:\/\/wiprocci.com\/vietnam\/wp-json\/wp\/v2\/pages\/15"}],"wp:attachment":[{"href":"https:\/\/wiprocci.com\/vietnam\/wp-json\/wp\/v2\/media?parent=21"}],"curies":[{"name":"wp","href":"https:\/\/api.w.org\/{rel}","templated":true}]}}